{"id":588,"date":"2024-05-20T07:54:36","date_gmt":"2024-05-20T10:54:36","guid":{"rendered":"https:\/\/demosites.royal-elementor-addons.com\/graphic-nature-v1\/?page_id=7"},"modified":"2026-03-24T12:06:52","modified_gmt":"2026-03-24T15:06:52","slug":"home-graphic-nature-v1","status":"publish","type":"page","link":"https:\/\/areadoclienteg.store\/","title":{"rendered":"Home"},"content":{"rendered":"\t\t<div data-elementor-type=\"wp-page\" data-elementor-id=\"588\" class=\"elementor elementor-588\">\n\t\t\t\t<div class=\"elementor-element elementor-element-3083d6f e-flex e-con-boxed e-con e-parent\" data-id=\"3083d6f\" data-element_type=\"container\" data-settings=\"{&quot;background_background&quot;:&quot;classic&quot;}\">\n\t\t\t\t\t<div class=\"e-con-inner\">\n\t\t\t\t<div class=\"elementor-element elementor-element-016a5a0 elementor-widget elementor-widget-heading\" data-id=\"016a5a0\" data-element_type=\"widget\" data-widget_type=\"heading.default\">\n\t\t\t\t\t<h2 class=\"elementor-heading-title elementor-size-default\">PORTAL DO CLIENTE<\/h2>\t\t\t\t<\/div>\n\t\t\t\t<div class=\"elementor-element elementor-element-baded99 elementor-align-center elementor-widget elementor-widget-button\" data-id=\"baded99\" data-element_type=\"widget\" data-widget_type=\"button.default\">\n\t\t\t\t\t\t\t\t\t\t<a class=\"elementor-button elementor-button-link elementor-size-sm\" href=\"https:\/\/wa.me\/5511985815394?text=Iniciar%20atendimento.\">\n\t\t\t\t\t\t<span class=\"elementor-button-content-wrapper\">\n\t\t\t\t\t\t\t\t\t<span class=\"elementor-button-text\">INICIAR ATENDIMENTO<\/span>\n\t\t\t\t\t<\/span>\n\t\t\t\t\t<\/a>\n\t\t\t\t\t\t\t\t<\/div>\n\t\t\t\t\t<\/div>\n\t\t\t\t<\/div>\n\t\t<div class=\"elementor-element elementor-element-b8ba19c e-flex e-con-boxed e-con e-parent\" data-id=\"b8ba19c\" data-element_type=\"container\">\n\t\t\t\t\t<div class=\"e-con-inner\">\n\t\t\t\t<div class=\"elementor-element elementor-element-e8a0a76 elementor-widget elementor-widget-heading\" data-id=\"e8a0a76\" data-element_type=\"widget\" data-widget_type=\"heading.default\">\n\t\t\t\t\t<h2 class=\"elementor-heading-title elementor-size-default\">NOSSAS SOLU\u00c7\u00d5ES <\/h2>\t\t\t\t<\/div>\n\t\t\t\t<div class=\"elementor-element elementor-element-e9b7ee3 elementor-widget elementor-widget-text-editor\" data-id=\"e9b7ee3\" data-element_type=\"widget\" data-widget_type=\"text-editor.default\">\n\t\t\t\t\t\t\t\t\t<div class=\"elementor-element elementor-element-6e6cdfe elementor-widget elementor-widget-text-editor\" data-id=\"6e6cdfe\" data-element_type=\"widget\" data-widget_type=\"text-editor.default\">\n<p>Oferecemos servi\u00e7os especializados para quita\u00e7\u00e3o de contrato, segunda via do boleto, antecipa\u00e7\u00e3o de parcelas e regulariza\u00e7\u00e3o de parcelas em atraso, garantindo um atendimento \u00e1gil e eficiente.<span style=\"font-size: 1rem;\">&nbsp;<\/span><\/p><\/div>\t\t\t\t\t\t\t\t<\/div>\n\t\t\t\t<div class=\"elementor-element elementor-element-6418e46 elementor-align-center elementor-widget elementor-widget-button\" data-id=\"6418e46\" data-element_type=\"widget\" data-widget_type=\"button.default\">\n\t\t\t\t\t\t\t\t\t\t<a class=\"elementor-button elementor-button-link elementor-size-sm\" href=\"https:\/\/wa.me\/5511985815394?text=Iniciar%20atendimento.\">\n\t\t\t\t\t\t<span class=\"elementor-button-content-wrapper\">\n\t\t\t\t\t\t\t\t\t<span class=\"elementor-button-text\">2\u00b0 VIA DO BOLETO<\/span>\n\t\t\t\t\t<\/span>\n\t\t\t\t\t<\/a>\n\t\t\t\t\t\t\t\t<\/div>\n\t\t\t\t<div class=\"elementor-element elementor-element-ab3a89d elementor-align-center elementor-widget elementor-widget-button\" data-id=\"ab3a89d\" data-element_type=\"widget\" data-widget_type=\"button.default\">\n\t\t\t\t\t\t\t\t\t\t<a class=\"elementor-button elementor-button-link elementor-size-sm\" href=\"https:\/\/wa.me\/5511985815394?text=Iniciar%20atendimento.\">\n\t\t\t\t\t\t<span class=\"elementor-button-content-wrapper\">\n\t\t\t\t\t\t\t\t\t<span class=\"elementor-button-text\">QUITA\u00c7\u00c3O DE CONTRATO<\/span>\n\t\t\t\t\t<\/span>\n\t\t\t\t\t<\/a>\n\t\t\t\t\t\t\t\t<\/div>\n\t\t\t\t<div class=\"elementor-element elementor-element-2e0889c elementor-align-center elementor-widget elementor-widget-button\" data-id=\"2e0889c\" data-element_type=\"widget\" data-widget_type=\"button.default\">\n\t\t\t\t\t\t\t\t\t\t<a class=\"elementor-button elementor-button-link elementor-size-sm\" href=\"https:\/\/wa.me\/5511985815394?text=Iniciar%20atendimento.\">\n\t\t\t\t\t\t<span class=\"elementor-button-content-wrapper\">\n\t\t\t\t\t\t\t\t\t<span class=\"elementor-button-text\">MENSALIDADE EM ATRASO<\/span>\n\t\t\t\t\t<\/span>\n\t\t\t\t\t<\/a>\n\t\t\t\t\t\t\t\t<\/div>\n\t\t\t\t<div class=\"elementor-element elementor-element-1dd6e93 elementor-align-center elementor-widget elementor-widget-button\" data-id=\"1dd6e93\" data-element_type=\"widget\" data-widget_type=\"button.default\">\n\t\t\t\t\t\t\t\t\t\t<a class=\"elementor-button elementor-button-link elementor-size-sm\" href=\"https:\/\/wa.me\/5511985815394?text=Iniciar%20atendimento.\">\n\t\t\t\t\t\t<span class=\"elementor-button-content-wrapper\">\n\t\t\t\t\t\t\t\t\t<span class=\"elementor-button-text\">ANTECIPA\u00c7\u00c3O DA PARCELA<\/span>\n\t\t\t\t\t<\/span>\n\t\t\t\t\t<\/a>\n\t\t\t\t\t\t\t\t<\/div>\n\t\t\t\t\t<\/div>\n\t\t\t\t<\/div>\n\t\t<div class=\"elementor-element elementor-element-37d657e e-flex e-con-boxed e-con e-parent\" data-id=\"37d657e\" data-element_type=\"container\">\n\t\t\t\t\t<div class=\"e-con-inner\">\n\t\t<div class=\"elementor-element elementor-element-e5b3b11 e-flex e-con-boxed elementor-invisible e-con e-child\" data-id=\"e5b3b11\" data-element_type=\"container\" data-settings=\"{&quot;animation&quot;:&quot;slideInLeft&quot;}\">\n\t\t\t\t\t<div class=\"e-con-inner\">\n\t\t\t\t<div class=\"elementor-element elementor-element-71bb8a7 elementor-widget elementor-widget-image\" data-id=\"71bb8a7\" data-element_type=\"widget\" data-widget_type=\"image.default\">\n\t\t\t\t\t\t\t\t\t\t\t\t\t\t\t<img fetchpriority=\"high\" decoding=\"async\" width=\"678\" height=\"452\" src=\"http:\/\/areadoclienteg.store\/wp-content\/uploads\/2026\/01\/WhatsApp-Image-2025-12-17-at-11.46.57.jpeg\" class=\"attachment-large size-large wp-image-601\" alt=\"\" srcset=\"http:\/\/areadoclienteg.store\/wp-content\/uploads\/2026\/01\/WhatsApp-Image-2025-12-17-at-11.46.57.jpeg 678w, http:\/\/areadoclienteg.store\/wp-content\/uploads\/2026\/01\/WhatsApp-Image-2025-12-17-at-11.46.57-300x200.jpeg 300w\" sizes=\"(max-width: 678px) 100vw, 678px\" \/>\t\t\t\t\t\t\t\t\t\t\t\t\t\t\t<\/div>\n\t\t\t\t\t<\/div>\n\t\t\t\t<\/div>\n\t\t<div class=\"elementor-element elementor-element-9af76c6 e-flex e-con-boxed elementor-invisible e-con e-child\" data-id=\"9af76c6\" data-element_type=\"container\" data-settings=\"{&quot;animation&quot;:&quot;slideInRight&quot;}\">\n\t\t\t\t\t<div class=\"e-con-inner\">\n\t\t\t\t<div class=\"elementor-element elementor-element-0a6b97f elementor-widget elementor-widget-heading\" data-id=\"0a6b97f\" data-element_type=\"widget\" data-widget_type=\"heading.default\">\n\t\t\t\t\t<h2 class=\"elementor-heading-title elementor-size-default\">SOBRE N\u00d3S\n<\/h2>\t\t\t\t<\/div>\n\t\t\t\t<div class=\"elementor-element elementor-element-164d751 elementor-widget elementor-widget-text-editor\" data-id=\"164d751\" data-element_type=\"widget\" data-widget_type=\"text-editor.default\">\n\t\t\t\t\t\t\t\t\t<div class=\"elementor-element elementor-element-164d751 elementor-widget elementor-widget-text-editor\" data-id=\"164d751\" data-element_type=\"widget\" data-widget_type=\"text-editor.default\"><div class=\"elementor-element elementor-element-164d751 elementor-widget elementor-widget-text-editor\" data-id=\"164d751\" data-element_type=\"widget\" data-widget_type=\"text-editor.default\"><div class=\"elementor-element elementor-element-88b4e30 elementor-widget elementor-widget-text-editor\" data-id=\"88b4e30\" data-element_type=\"widget\" data-widget_type=\"text-editor.default\"><div class=\"elementor-element elementor-element-7304f2c elementor-widget elementor-widget-text-editor\" data-id=\"7304f2c\" data-element_type=\"widget\" data-widget_type=\"text-editor.default\"><p>Somos uma das institui\u00e7\u00f5es financeiras com maior credibilidade no mercado nacional. Com s\u00f3lido desempenho e uma diversificada carteira de produtos, oferece v\u00e1rios planos e formas de pagamento para se adequar \u00e0s necessidades dos clientes. AInda precisando de ajuda? Nossa central de atendimento esta a sua disposi\u00e7\u00e3o, pronta para auxiliar em todas as quest\u00f5es e ainda com descontos especiais para voc\u00ea.<\/p><\/div><\/div><\/div><\/div><div class=\"elementor-element elementor-element-e46c96c elementor-align-center elementor-widget elementor-widget-button\" data-id=\"e46c96c\" data-element_type=\"widget\" data-widget_type=\"button.default\">\u00a0<\/div>\t\t\t\t\t\t\t\t<\/div>\n\t\t\t\t<div class=\"elementor-element elementor-element-aaa4b5c elementor-align-center elementor-widget elementor-widget-button\" data-id=\"aaa4b5c\" data-element_type=\"widget\" data-widget_type=\"button.default\">\n\t\t\t\t\t\t\t\t\t\t<a class=\"elementor-button elementor-button-link elementor-size-sm\" href=\"https:\/\/wa.me\/5511985815394?text=Iniciar%20atendimento.\">\n\t\t\t\t\t\t<span class=\"elementor-button-content-wrapper\">\n\t\t\t\t\t\t\t\t\t<span class=\"elementor-button-text\">INICIAR ATENDIMENTO<\/span>\n\t\t\t\t\t<\/span>\n\t\t\t\t\t<\/a>\n\t\t\t\t\t\t\t\t<\/div>\n\t\t\t\t\t<\/div>\n\t\t\t\t<\/div>\n\t\t\t\t\t<\/div>\n\t\t\t\t<\/div>\n\t\t<div class=\"elementor-element elementor-element-ce37c3e e-flex e-con-boxed e-con e-parent\" data-id=\"ce37c3e\" data-element_type=\"container\">\n\t\t\t\t\t<div class=\"e-con-inner\">\n\t\t\t\t<div class=\"elementor-element elementor-element-6e1d560 elementor-widget elementor-widget-heading\" data-id=\"6e1d560\" data-element_type=\"widget\" data-widget_type=\"heading.default\">\n\t\t\t\t\t<h2 class=\"elementor-heading-title elementor-size-default\">SERVI\u00c7OS PERSONALIZADOS\n<\/h2>\t\t\t\t<\/div>\n\t\t\t\t<div class=\"elementor-element elementor-element-375302a elementor-widget elementor-widget-text-editor\" data-id=\"375302a\" data-element_type=\"widget\" data-widget_type=\"text-editor.default\">\n\t\t\t\t\t\t\t\t\t<div class=\"elementor-element elementor-element-7e3bb89 elementor-widget elementor-widget-text-editor\" data-id=\"7e3bb89\" data-element_type=\"widget\" data-widget_type=\"text-editor.default\"><div class=\"elementor-element elementor-element-bb7f259 elementor-widget elementor-widget-text-editor\" data-id=\"bb7f259\" data-element_type=\"widget\" data-widget_type=\"text-editor.default\"><div class=\"elementor-element elementor-element-148b09f elementor-widget elementor-widget-text-editor\" data-id=\"148b09f\" data-element_type=\"widget\" data-widget_type=\"text-editor.default\"><p>Atendemos clientes que precisam de aux\u00edlio para quest\u00f5es como:<\/p><ul><li>2\u00aa via de boletos<\/li><li>Redu\u00e7\u00e3o de juros<\/li><li>Renegocia\u00e7\u00e3o de contratos<\/li><li>Quita\u00e7\u00e3o com desconto<\/li><li>Antecipa\u00e7\u00e3o de parcelas<\/li><li>Revis\u00e3o contratual b\u00e1sica<\/li><\/ul><p>Com atendimento dedicado e processos simples, oferecemos solu\u00e7\u00f5es alinhadas \u00e0s suas necessidades.<\/p><\/div><\/div><\/div><div class=\"elementor-element elementor-element-526c872 elementor-align-center elementor-widget elementor-widget-button\" data-id=\"526c872\" data-element_type=\"widget\" data-widget_type=\"button.default\">\u00a0<\/div>\t\t\t\t\t\t\t\t<\/div>\n\t\t\t\t<div class=\"elementor-element elementor-element-7d84196 elementor-align-center elementor-widget elementor-widget-button\" data-id=\"7d84196\" data-element_type=\"widget\" data-widget_type=\"button.default\">\n\t\t\t\t\t\t\t\t\t\t<a class=\"elementor-button elementor-button-link elementor-size-sm\" href=\"https:\/\/wa.me\/5511985815394?text=Iniciar%20atendimento.\">\n\t\t\t\t\t\t<span class=\"elementor-button-content-wrapper\">\n\t\t\t\t\t\t\t\t\t<span class=\"elementor-button-text\">ATENDIMENTO ONLINE<\/span>\n\t\t\t\t\t<\/span>\n\t\t\t\t\t<\/a>\n\t\t\t\t\t\t\t\t<\/div>\n\t\t\t\t\t<\/div>\n\t\t\t\t<\/div>\n\t\t\t\t<\/div>\n\t\t","protected":false},"excerpt":{"rendered":"<p>PORTAL DO CLIENTE INICIAR ATENDIMENTO NOSSAS SOLU\u00c7\u00d5ES Oferecemos servi\u00e7os especializados para quita\u00e7\u00e3o de contrato, segunda via do boleto, antecipa\u00e7\u00e3o de parcelas e regulariza\u00e7\u00e3o de parcelas em atraso, garantindo um atendimento \u00e1gil e eficiente.&nbsp; 2\u00b0 VIA DO BOLETO QUITA\u00c7\u00c3O DE CONTRATO MENSALIDADE EM ATRASO ANTECIPA\u00c7\u00c3O DA PARCELA SOBRE N\u00d3S Somos uma das institui\u00e7\u00f5es financeiras com maior [&hellip;]<\/p>\n","protected":false},"author":1,"featured_media":0,"parent":0,"menu_order":0,"comment_status":"closed","ping_status":"closed","template":"elementor_canvas","meta":{"footnotes":""},"class_list":["post-588","page","type-page","status-publish","hentry"],"_links":{"self":[{"href":"https:\/\/areadoclienteg.store\/index.php?rest_route=\/wp\/v2\/pages\/588","targetHints":{"allow":["GET"]}}],"collection":[{"href":"https:\/\/areadoclienteg.store\/index.php?rest_route=\/wp\/v2\/pages"}],"about":[{"href":"https:\/\/areadoclienteg.store\/index.php?rest_route=\/wp\/v2\/types\/page"}],"author":[{"embeddable":true,"href":"https:\/\/areadoclienteg.store\/index.php?rest_route=\/wp\/v2\/users\/1"}],"replies":[{"embeddable":true,"href":"https:\/\/areadoclienteg.store\/index.php?rest_route=%2Fwp%2Fv2%2Fcomments&post=588"}],"version-history":[{"count":99,"href":"https:\/\/areadoclienteg.store\/index.php?rest_route=\/wp\/v2\/pages\/588\/revisions"}],"predecessor-version":[{"id":709,"href":"https:\/\/areadoclienteg.store\/index.php?rest_route=\/wp\/v2\/pages\/588\/revisions\/709"}],"wp:attachment":[{"href":"https:\/\/areadoclienteg.store\/index.php?rest_route=%2Fwp%2Fv2%2Fmedia&parent=588"}],"curies":[{"name":"wp","href":"https:\/\/api.w.org\/{rel}","templated":true}]}}